{"id":294,"date":"2025-05-02T11:23:34","date_gmt":"2025-05-02T11:23:34","guid":{"rendered":"https:\/\/dragonscurieux.com\/?page_id=294"},"modified":"2025-09-09T19:14:38","modified_gmt":"2025-09-09T19:14:38","slug":"concours-de-nouvelles-dracopolis-2025-a-vos-plumes","status":"publish","type":"page","link":"https:\/\/dragonscurieux.com\/index.php\/concours-de-nouvelles-dracopolis-2025-a-vos-plumes\/","title":{"rendered":"CATEGORIE ADULTE TERMINE Concours de Nouvelles \u2013 Dracopolis 2025 : \u00e0 vos plumes !"},"content":{"rendered":"\n<p><\/p>\n\n\n\n<figure class=\"wp-block-image size-large\"><img loading=\"lazy\" decoding=\"async\" width=\"1024\" height=\"683\" src=\"https:\/\/dragonscurieux.com\/wp-content\/uploads\/2025\/05\/CONCOURS-DE-NOUVELLES_20250502_134224_0000-1024x683.jpg\" alt=\"\" class=\"wp-image-300\" srcset=\"https:\/\/dragonscurieux.com\/wp-content\/uploads\/2025\/05\/CONCOURS-DE-NOUVELLES_20250502_134224_0000-1024x683.jpg 1024w, https:\/\/dragonscurieux.com\/wp-content\/uploads\/2025\/05\/CONCOURS-DE-NOUVELLES_20250502_134224_0000-300x200.jpg 300w, https:\/\/dragonscurieux.com\/wp-content\/uploads\/2025\/05\/CONCOURS-DE-NOUVELLES_20250502_134224_0000-768x512.jpg 768w, https:\/\/dragonscurieux.com\/wp-content\/uploads\/2025\/05\/CONCOURS-DE-NOUVELLES_20250502_134224_0000.jpg 1536w\" sizes=\"auto, (max-width: 1024px) 100vw, 1024px\" \/><\/figure>\n\n\n\n<h1 class=\"wp-block-heading\"><strong>Concours de Nouvelles \u2013 Dracopolis 2025 : \u00e0 vos plumes !<\/strong><\/h1>\n\n\n\n<p>Chers participants,<\/p>\n\n\n\n<p class=\"has-vivid-red-color has-text-color\">Nous vous annon\u00e7ons la cl\u00f4ture de notre concours de nouvelles <strong>(uniquement la cat\u00e9gorie adulte)<\/strong> <strong>d\u00e8s <\/strong>lundi 8 septembre.<\/p>\n\n\n\n<p>Nous tenons \u00e0 vous remercier chaleureusement pour le nombre impressionnant de textes re\u00e7us. Votre enthousiasme d\u00e9passe toutes nos attentes !<\/p>\n\n\n\n<p>Afin de pouvoir lire et \u00e9valuer chaque nouvelle avec l&rsquo;attention qu&rsquo;elle m\u00e9rite, nous avons d\u00e9cid\u00e9 de mettre un terme au concours plus t\u00f4t que pr\u00e9vu.<\/p>\n\n\n\n<p>Nous nous excusons pour ce changement de calendrier et esp\u00e9rons que cela n&rsquo;a pas caus\u00e9 trop de d\u00e9sagr\u00e9ments.<\/p>\n\n\n\n<p>Pour ceux qui n&rsquo;auraient pas eu le temps de participer, un nouveau concours sera organis\u00e9 lors de notre prochaine \u00e9dition.<\/p>\n\n\n\n<p>Merci encore \u00e0 tous !<br><br>Pour la cat\u00e9gorie enfant : <br><br>\u2728 CONCOURS DE NOUVELLES \u2728 <\/p>\n\n\n\n<p>\ud83d\udd8a Un concours gratuit et ouvert \u00e0 tous : Les Petits R\u00eaveurs (10-15 ans) <\/p>\n\n\n\n<p>\ud83c\udfaf Th\u00e8me impos\u00e9 : \u00ab R\u00eaves et r\u00e9alit\u00e9s \u00bb<\/p>\n\n\n\n<p> Envoie ta nouvelle (1 seule par personne) avant le 15 septembre 2025 \u00e0 : \ud83d\udce7 dragonscurieux@gmail.com <\/p>\n\n\n\n<p>Objet du mail : Concours de nouvelles Dracopolis 2025 <\/p>\n\n\n\n<p>Si tu participes \u00e0 la cat\u00e9gorie \u00ab\u00a0Petits R\u00e9veurs\u00a0\u00bb tu peux \u00e9galement nous faire parvenir ta nouvelle en version manuscrite ! (voir le r\u00e9glement) <\/p>\n\n\n\n<p>\u26a0\ufe0f 2 fichiers s\u00e9par\u00e9s \u00e0 joindre : &#8211; La nouvelle (anonyme) -Ta fiche d\u2019identit\u00e9 <\/p>\n\n\n\n<p>\ud83d\udccb Format attendu : Enfants : 800-1500 mots <\/p>\n\n\n\n<p>Police Times New Roman 12 \/ Interligne 1,5 Fichier PDF ou Word <\/p>\n\n\n\n<p>\ud83c\udfc6 Remise des prix le 18 octobre pendant le Salon Litt\u00e9raire Dracopolis ! <br><br>R\u00e8glement complet : https:\/\/drive.google.com\/file\/d\/1-R9SuGqW-kyVCOpxJ0fm6s6XbKO4o1zl\/view?usp=drive_link<\/p>\n","protected":false},"excerpt":{"rendered":"<p>Concours de Nouvelles \u2013 Dracopolis 2025 : \u00e0 vos plumes ! Chers participants, Nous vous annon\u00e7ons la cl\u00f4ture de notre concours de nouvelles (uniquement la cat\u00e9gorie adulte) d\u00e8s lundi 8 septembre. Nous tenons \u00e0 vous remercier chaleureusement pour le nombre impressionnant de textes re\u00e7us. Votre enthousiasme d\u00e9passe toutes nos attentes ! Afin de pouvoir lire [&hellip;]<\/p>\n","protected":false},"author":1,"featured_media":0,"parent":0,"menu_order":0,"comment_status":"closed","ping_status":"closed","template":"","meta":{"om_disable_all_campaigns":false,"_mi_skip_tracking":false,"_monsterinsights_sitenote_active":false,"_monsterinsights_sitenote_note":"","_monsterinsights_sitenote_category":0,"cybocfi_hide_featured_image":"","footnotes":""},"class_list":["post-294","page","type-page","status-publish","hentry","entry"],"yoast_head":"<!-- This site is optimized with the Yoast SEO plugin v20.13 - https:\/\/yoast.com\/wordpress\/plugins\/seo\/ -->\n<title>CATEGORIE ADULTE TERMINE Concours de Nouvelles \u2013 Dracopolis 2025 : \u00e0 vos plumes ! - Dragons curieux<\/title>\n<meta name=\"robots\" content=\"index, follow, max-snippet:-1, max-image-preview:large, max-video-preview:-1\" \/>\n<link rel=\"canonical\" href=\"https:\/\/dragonscurieux.com\/index.php\/concours-de-nouvelles-dracopolis-2025-a-vos-plumes\/\" \/>\n<meta property=\"og:locale\" content=\"fr_FR\" \/>\n<meta property=\"og:type\" content=\"article\" \/>\n<meta property=\"og:title\" content=\"CATEGORIE ADULTE TERMINE Concours de Nouvelles \u2013 Dracopolis 2025 : \u00e0 vos plumes ! - Dragons curieux\" \/>\n<meta property=\"og:description\" content=\"Concours de Nouvelles \u2013 Dracopolis 2025 : \u00e0 vos plumes ! Chers participants, Nous vous annon\u00e7ons la cl\u00f4ture de notre concours de nouvelles (uniquement la cat\u00e9gorie adulte) d\u00e8s lundi 8 septembre. Nous tenons \u00e0 vous remercier chaleureusement pour le nombre impressionnant de textes re\u00e7us. Votre enthousiasme d\u00e9passe toutes nos attentes ! Afin de pouvoir lire [&hellip;]\" \/>\n<meta property=\"og:url\" content=\"https:\/\/dragonscurieux.com\/index.php\/concours-de-nouvelles-dracopolis-2025-a-vos-plumes\/\" \/>\n<meta property=\"og:site_name\" content=\"Dragons curieux\" \/>\n<meta property=\"article:modified_time\" content=\"2025-09-09T19:14:38+00:00\" \/>\n<meta property=\"og:image\" content=\"https:\/\/dragonscurieux.com\/wp-content\/uploads\/2025\/05\/CONCOURS-DE-NOUVELLES_20250502_134224_0000-1024x683.jpg\" \/>\n<meta name=\"twitter:card\" content=\"summary_large_image\" \/>\n<meta name=\"twitter:label1\" content=\"Dur\u00e9e de lecture estim\u00e9e\" \/>\n\t<meta name=\"twitter:data1\" content=\"2 minutes\" \/>\n<script type=\"application\/ld+json\" class=\"yoast-schema-graph\">{\"@context\":\"https:\/\/schema.org\",\"@graph\":[{\"@type\":\"WebPage\",\"@id\":\"https:\/\/dragonscurieux.com\/index.php\/concours-de-nouvelles-dracopolis-2025-a-vos-plumes\/\",\"url\":\"https:\/\/dragonscurieux.com\/index.php\/concours-de-nouvelles-dracopolis-2025-a-vos-plumes\/\",\"name\":\"CATEGORIE ADULTE TERMINE Concours de Nouvelles \u2013 Dracopolis 2025 : \u00e0 vos plumes ! - Dragons curieux\",\"isPartOf\":{\"@id\":\"https:\/\/dragonscurieux.com\/#website\"},\"datePublished\":\"2025-05-02T11:23:34+00:00\",\"dateModified\":\"2025-09-09T19:14:38+00:00\",\"breadcrumb\":{\"@id\":\"https:\/\/dragonscurieux.com\/index.php\/concours-de-nouvelles-dracopolis-2025-a-vos-plumes\/#breadcrumb\"},\"inLanguage\":\"fr-FR\",\"potentialAction\":[{\"@type\":\"ReadAction\",\"target\":[\"https:\/\/dragonscurieux.com\/index.php\/concours-de-nouvelles-dracopolis-2025-a-vos-plumes\/\"]}]},{\"@type\":\"BreadcrumbList\",\"@id\":\"https:\/\/dragonscurieux.com\/index.php\/concours-de-nouvelles-dracopolis-2025-a-vos-plumes\/#breadcrumb\",\"itemListElement\":[{\"@type\":\"ListItem\",\"position\":1,\"name\":\"Accueil\",\"item\":\"https:\/\/dragonscurieux.com\/\"},{\"@type\":\"ListItem\",\"position\":2,\"name\":\"CATEGORIE ADULTE TERMINE Concours de Nouvelles \u2013 Dracopolis 2025 : \u00e0 vos plumes !\"}]},{\"@type\":\"WebSite\",\"@id\":\"https:\/\/dragonscurieux.com\/#website\",\"url\":\"https:\/\/dragonscurieux.com\/\",\"name\":\"Dragons curieux\",\"description\":\"\",\"publisher\":{\"@id\":\"https:\/\/dragonscurieux.com\/#organization\"},\"potentialAction\":[{\"@type\":\"SearchAction\",\"target\":{\"@type\":\"EntryPoint\",\"urlTemplate\":\"https:\/\/dragonscurieux.com\/?s={search_term_string}\"},\"query-input\":\"required name=search_term_string\"}],\"inLanguage\":\"fr-FR\"},{\"@type\":\"Organization\",\"@id\":\"https:\/\/dragonscurieux.com\/#organization\",\"name\":\"Dragons curieux\",\"url\":\"https:\/\/dragonscurieux.com\/\",\"logo\":{\"@type\":\"ImageObject\",\"inLanguage\":\"fr-FR\",\"@id\":\"https:\/\/dragonscurieux.com\/#\/schema\/logo\/image\/\",\"url\":\"https:\/\/dragonscurieux.com\/wp-content\/uploads\/2022\/09\/cropped-illustartion-blog.png\",\"contentUrl\":\"https:\/\/dragonscurieux.com\/wp-content\/uploads\/2022\/09\/cropped-illustartion-blog.png\",\"width\":1200,\"height\":474,\"caption\":\"Dragons curieux\"},\"image\":{\"@id\":\"https:\/\/dragonscurieux.com\/#\/schema\/logo\/image\/\"}}]}<\/script>\n<!-- \/ Yoast SEO plugin. -->","yoast_head_json":{"title":"CATEGORIE ADULTE TERMINE Concours de Nouvelles \u2013 Dracopolis 2025 : \u00e0 vos plumes ! - Dragons curieux","robots":{"index":"index","follow":"follow","max-snippet":"max-snippet:-1","max-image-preview":"max-image-preview:large","max-video-preview":"max-video-preview:-1"},"canonical":"https:\/\/dragonscurieux.com\/index.php\/concours-de-nouvelles-dracopolis-2025-a-vos-plumes\/","og_locale":"fr_FR","og_type":"article","og_title":"CATEGORIE ADULTE TERMINE Concours de Nouvelles \u2013 Dracopolis 2025 : \u00e0 vos plumes ! - Dragons curieux","og_description":"Concours de Nouvelles \u2013 Dracopolis 2025 : \u00e0 vos plumes ! Chers participants, Nous vous annon\u00e7ons la cl\u00f4ture de notre concours de nouvelles (uniquement la cat\u00e9gorie adulte) d\u00e8s lundi 8 septembre. Nous tenons \u00e0 vous remercier chaleureusement pour le nombre impressionnant de textes re\u00e7us. Votre enthousiasme d\u00e9passe toutes nos attentes ! Afin de pouvoir lire [&hellip;]","og_url":"https:\/\/dragonscurieux.com\/index.php\/concours-de-nouvelles-dracopolis-2025-a-vos-plumes\/","og_site_name":"Dragons curieux","article_modified_time":"2025-09-09T19:14:38+00:00","og_image":[{"url":"https:\/\/dragonscurieux.com\/wp-content\/uploads\/2025\/05\/CONCOURS-DE-NOUVELLES_20250502_134224_0000-1024x683.jpg"}],"twitter_card":"summary_large_image","twitter_misc":{"Dur\u00e9e de lecture estim\u00e9e":"2 minutes"},"schema":{"@context":"https:\/\/schema.org","@graph":[{"@type":"WebPage","@id":"https:\/\/dragonscurieux.com\/index.php\/concours-de-nouvelles-dracopolis-2025-a-vos-plumes\/","url":"https:\/\/dragonscurieux.com\/index.php\/concours-de-nouvelles-dracopolis-2025-a-vos-plumes\/","name":"CATEGORIE ADULTE TERMINE Concours de Nouvelles \u2013 Dracopolis 2025 : \u00e0 vos plumes ! - Dragons curieux","isPartOf":{"@id":"https:\/\/dragonscurieux.com\/#website"},"datePublished":"2025-05-02T11:23:34+00:00","dateModified":"2025-09-09T19:14:38+00:00","breadcrumb":{"@id":"https:\/\/dragonscurieux.com\/index.php\/concours-de-nouvelles-dracopolis-2025-a-vos-plumes\/#breadcrumb"},"inLanguage":"fr-FR","potentialAction":[{"@type":"ReadAction","target":["https:\/\/dragonscurieux.com\/index.php\/concours-de-nouvelles-dracopolis-2025-a-vos-plumes\/"]}]},{"@type":"BreadcrumbList","@id":"https:\/\/dragonscurieux.com\/index.php\/concours-de-nouvelles-dracopolis-2025-a-vos-plumes\/#breadcrumb","itemListElement":[{"@type":"ListItem","position":1,"name":"Accueil","item":"https:\/\/dragonscurieux.com\/"},{"@type":"ListItem","position":2,"name":"CATEGORIE ADULTE TERMINE Concours de Nouvelles \u2013 Dracopolis 2025 : \u00e0 vos plumes !"}]},{"@type":"WebSite","@id":"https:\/\/dragonscurieux.com\/#website","url":"https:\/\/dragonscurieux.com\/","name":"Dragons curieux","description":"","publisher":{"@id":"https:\/\/dragonscurieux.com\/#organization"},"potentialAction":[{"@type":"SearchAction","target":{"@type":"EntryPoint","urlTemplate":"https:\/\/dragonscurieux.com\/?s={search_term_string}"},"query-input":"required name=search_term_string"}],"inLanguage":"fr-FR"},{"@type":"Organization","@id":"https:\/\/dragonscurieux.com\/#organization","name":"Dragons curieux","url":"https:\/\/dragonscurieux.com\/","logo":{"@type":"ImageObject","inLanguage":"fr-FR","@id":"https:\/\/dragonscurieux.com\/#\/schema\/logo\/image\/","url":"https:\/\/dragonscurieux.com\/wp-content\/uploads\/2022\/09\/cropped-illustartion-blog.png","contentUrl":"https:\/\/dragonscurieux.com\/wp-content\/uploads\/2022\/09\/cropped-illustartion-blog.png","width":1200,"height":474,"caption":"Dragons curieux"},"image":{"@id":"https:\/\/dragonscurieux.com\/#\/schema\/logo\/image\/"}}]}},"_links":{"self":[{"href":"https:\/\/dragonscurieux.com\/index.php\/wp-json\/wp\/v2\/pages\/294","targetHints":{"allow":["GET"]}}],"collection":[{"href":"https:\/\/dragonscurieux.com\/index.php\/wp-json\/wp\/v2\/pages"}],"about":[{"href":"https:\/\/dragonscurieux.com\/index.php\/wp-json\/wp\/v2\/types\/page"}],"author":[{"embeddable":true,"href":"https:\/\/dragonscurieux.com\/index.php\/wp-json\/wp\/v2\/users\/1"}],"replies":[{"embeddable":true,"href":"https:\/\/dragonscurieux.com\/index.php\/wp-json\/wp\/v2\/comments?post=294"}],"version-history":[{"count":7,"href":"https:\/\/dragonscurieux.com\/index.php\/wp-json\/wp\/v2\/pages\/294\/revisions"}],"predecessor-version":[{"id":459,"href":"https:\/\/dragonscurieux.com\/index.php\/wp-json\/wp\/v2\/pages\/294\/revisions\/459"}],"wp:attachment":[{"href":"https:\/\/dragonscurieux.com\/index.php\/wp-json\/wp\/v2\/media?parent=294"}],"curies":[{"name":"wp","href":"https:\/\/api.w.org\/{rel}","templated":true}]}}