{"id":46,"date":"2022-09-18T14:46:20","date_gmt":"2022-09-18T14:46:20","guid":{"rendered":"https:\/\/dragonscurieux.com\/?page_id=46"},"modified":"2023-03-13T13:03:00","modified_gmt":"2023-03-13T13:03:00","slug":"lassociation","status":"publish","type":"page","link":"https:\/\/dragonscurieux.com\/index.php\/lassociation\/","title":{"rendered":"L&rsquo;association"},"content":{"rendered":"\n<p>Melissa et Magali se sont rencontr\u00e9es sur les bancs de la FAC. Rien de bien original si ce n\u2019est leur diff\u00e9rence de g\u00e9n\u00e9ration ! Ce qui aurait pu les \u00e9loigner cr\u00e9e finalement beaucoup de richesses. Les litt\u00e9ratures de l\u2019imaginaire les rapprochent, ne tenant compte que de leur passion pour les livres, les histoires, les personnages, les mondes imagin\u00e9s, les monstres, les cr\u00e9atures, la magie\u2026<\/p>\n\n\n\n<p>Elles se retrouvent aussi dans leur envie de partager cet univers avec le plus de monde possible. Titulaires d\u2019un master m\u00e9tiers du livre et de l\u2019\u00e9dition, elles choisissent pour cela de cr\u00e9er une association. Leur objectif est de promouvoir les litt\u00e9ratures de l\u2019imaginaire: Science-Fiction, Fantasy et Fantastique.<\/p>\n\n\n\n<p>Les membres se retrouvent tous les mois pour des ap\u00e9ros litt\u00e9raires, dans lesquels chacun peut partager ses propres lectures, donner des infos sur des \u00e9v\u00e9nements, des sorties de livres\u2026 L\u2019esprit se veut convivial et ouvert, le mot d\u2019ordre est se faire plaisir avant tout!<\/p>\n","protected":false},"excerpt":{"rendered":"<p>Melissa et Magali se sont rencontr\u00e9es sur les bancs de la FAC. Rien de bien original si ce n\u2019est leur diff\u00e9rence de g\u00e9n\u00e9ration ! Ce qui aurait pu les \u00e9loigner cr\u00e9e finalement beaucoup de richesses. Les litt\u00e9ratures de l\u2019imaginaire les rapprochent, ne tenant compte que de leur passion pour les livres, les histoires, les personnages, [&hellip;]<\/p>\n","protected":false},"author":1,"featured_media":0,"parent":0,"menu_order":0,"comment_status":"closed","ping_status":"closed","template":"","meta":{"om_disable_all_campaigns":false,"_mi_skip_tracking":false,"_monsterinsights_sitenote_active":false,"_monsterinsights_sitenote_note":"","_monsterinsights_sitenote_category":0,"cybocfi_hide_featured_image":"","footnotes":""},"class_list":["post-46","page","type-page","status-publish","hentry","entry"],"yoast_head":"<!-- This site is optimized with the Yoast SEO plugin v20.13 - https:\/\/yoast.com\/wordpress\/plugins\/seo\/ -->\n<title>L&#039;association - Dragons curieux<\/title>\n<meta name=\"robots\" content=\"index, follow, max-snippet:-1, max-image-preview:large, max-video-preview:-1\" \/>\n<link rel=\"canonical\" href=\"https:\/\/dragonscurieux.com\/index.php\/lassociation\/\" \/>\n<meta property=\"og:locale\" content=\"fr_FR\" \/>\n<meta property=\"og:type\" content=\"article\" \/>\n<meta property=\"og:title\" content=\"L&#039;association - Dragons curieux\" \/>\n<meta property=\"og:description\" content=\"Melissa et Magali se sont rencontr\u00e9es sur les bancs de la FAC. Rien de bien original si ce n\u2019est leur diff\u00e9rence de g\u00e9n\u00e9ration ! Ce qui aurait pu les \u00e9loigner cr\u00e9e finalement beaucoup de richesses. Les litt\u00e9ratures de l\u2019imaginaire les rapprochent, ne tenant compte que de leur passion pour les livres, les histoires, les personnages, [&hellip;]\" \/>\n<meta property=\"og:url\" content=\"https:\/\/dragonscurieux.com\/index.php\/lassociation\/\" \/>\n<meta property=\"og:site_name\" content=\"Dragons curieux\" \/>\n<meta property=\"article:modified_time\" content=\"2023-03-13T13:03:00+00:00\" \/>\n<meta name=\"twitter:card\" content=\"summary_large_image\" \/>\n<meta name=\"twitter:label1\" content=\"Dur\u00e9e de lecture estim\u00e9e\" \/>\n\t<meta name=\"twitter:data1\" content=\"1 minute\" \/>\n<script type=\"application\/ld+json\" class=\"yoast-schema-graph\">{\"@context\":\"https:\/\/schema.org\",\"@graph\":[{\"@type\":\"WebPage\",\"@id\":\"https:\/\/dragonscurieux.com\/index.php\/lassociation\/\",\"url\":\"https:\/\/dragonscurieux.com\/index.php\/lassociation\/\",\"name\":\"L'association - Dragons curieux\",\"isPartOf\":{\"@id\":\"https:\/\/dragonscurieux.com\/#website\"},\"datePublished\":\"2022-09-18T14:46:20+00:00\",\"dateModified\":\"2023-03-13T13:03:00+00:00\",\"breadcrumb\":{\"@id\":\"https:\/\/dragonscurieux.com\/index.php\/lassociation\/#breadcrumb\"},\"inLanguage\":\"fr-FR\",\"potentialAction\":[{\"@type\":\"ReadAction\",\"target\":[\"https:\/\/dragonscurieux.com\/index.php\/lassociation\/\"]}]},{\"@type\":\"BreadcrumbList\",\"@id\":\"https:\/\/dragonscurieux.com\/index.php\/lassociation\/#breadcrumb\",\"itemListElement\":[{\"@type\":\"ListItem\",\"position\":1,\"name\":\"Accueil\",\"item\":\"https:\/\/dragonscurieux.com\/\"},{\"@type\":\"ListItem\",\"position\":2,\"name\":\"L&rsquo;association\"}]},{\"@type\":\"WebSite\",\"@id\":\"https:\/\/dragonscurieux.com\/#website\",\"url\":\"https:\/\/dragonscurieux.com\/\",\"name\":\"Dragons curieux\",\"description\":\"\",\"publisher\":{\"@id\":\"https:\/\/dragonscurieux.com\/#organization\"},\"potentialAction\":[{\"@type\":\"SearchAction\",\"target\":{\"@type\":\"EntryPoint\",\"urlTemplate\":\"https:\/\/dragonscurieux.com\/?s={search_term_string}\"},\"query-input\":\"required name=search_term_string\"}],\"inLanguage\":\"fr-FR\"},{\"@type\":\"Organization\",\"@id\":\"https:\/\/dragonscurieux.com\/#organization\",\"name\":\"Dragons curieux\",\"url\":\"https:\/\/dragonscurieux.com\/\",\"logo\":{\"@type\":\"ImageObject\",\"inLanguage\":\"fr-FR\",\"@id\":\"https:\/\/dragonscurieux.com\/#\/schema\/logo\/image\/\",\"url\":\"https:\/\/dragonscurieux.com\/wp-content\/uploads\/2022\/09\/cropped-illustartion-blog.png\",\"contentUrl\":\"https:\/\/dragonscurieux.com\/wp-content\/uploads\/2022\/09\/cropped-illustartion-blog.png\",\"width\":1200,\"height\":474,\"caption\":\"Dragons curieux\"},\"image\":{\"@id\":\"https:\/\/dragonscurieux.com\/#\/schema\/logo\/image\/\"}}]}<\/script>\n<!-- \/ Yoast SEO plugin. -->","yoast_head_json":{"title":"L'association - Dragons curieux","robots":{"index":"index","follow":"follow","max-snippet":"max-snippet:-1","max-image-preview":"max-image-preview:large","max-video-preview":"max-video-preview:-1"},"canonical":"https:\/\/dragonscurieux.com\/index.php\/lassociation\/","og_locale":"fr_FR","og_type":"article","og_title":"L'association - Dragons curieux","og_description":"Melissa et Magali se sont rencontr\u00e9es sur les bancs de la FAC. Rien de bien original si ce n\u2019est leur diff\u00e9rence de g\u00e9n\u00e9ration ! Ce qui aurait pu les \u00e9loigner cr\u00e9e finalement beaucoup de richesses. Les litt\u00e9ratures de l\u2019imaginaire les rapprochent, ne tenant compte que de leur passion pour les livres, les histoires, les personnages, [&hellip;]","og_url":"https:\/\/dragonscurieux.com\/index.php\/lassociation\/","og_site_name":"Dragons curieux","article_modified_time":"2023-03-13T13:03:00+00:00","twitter_card":"summary_large_image","twitter_misc":{"Dur\u00e9e de lecture estim\u00e9e":"1 minute"},"schema":{"@context":"https:\/\/schema.org","@graph":[{"@type":"WebPage","@id":"https:\/\/dragonscurieux.com\/index.php\/lassociation\/","url":"https:\/\/dragonscurieux.com\/index.php\/lassociation\/","name":"L'association - Dragons curieux","isPartOf":{"@id":"https:\/\/dragonscurieux.com\/#website"},"datePublished":"2022-09-18T14:46:20+00:00","dateModified":"2023-03-13T13:03:00+00:00","breadcrumb":{"@id":"https:\/\/dragonscurieux.com\/index.php\/lassociation\/#breadcrumb"},"inLanguage":"fr-FR","potentialAction":[{"@type":"ReadAction","target":["https:\/\/dragonscurieux.com\/index.php\/lassociation\/"]}]},{"@type":"BreadcrumbList","@id":"https:\/\/dragonscurieux.com\/index.php\/lassociation\/#breadcrumb","itemListElement":[{"@type":"ListItem","position":1,"name":"Accueil","item":"https:\/\/dragonscurieux.com\/"},{"@type":"ListItem","position":2,"name":"L&rsquo;association"}]},{"@type":"WebSite","@id":"https:\/\/dragonscurieux.com\/#website","url":"https:\/\/dragonscurieux.com\/","name":"Dragons curieux","description":"","publisher":{"@id":"https:\/\/dragonscurieux.com\/#organization"},"potentialAction":[{"@type":"SearchAction","target":{"@type":"EntryPoint","urlTemplate":"https:\/\/dragonscurieux.com\/?s={search_term_string}"},"query-input":"required name=search_term_string"}],"inLanguage":"fr-FR"},{"@type":"Organization","@id":"https:\/\/dragonscurieux.com\/#organization","name":"Dragons curieux","url":"https:\/\/dragonscurieux.com\/","logo":{"@type":"ImageObject","inLanguage":"fr-FR","@id":"https:\/\/dragonscurieux.com\/#\/schema\/logo\/image\/","url":"https:\/\/dragonscurieux.com\/wp-content\/uploads\/2022\/09\/cropped-illustartion-blog.png","contentUrl":"https:\/\/dragonscurieux.com\/wp-content\/uploads\/2022\/09\/cropped-illustartion-blog.png","width":1200,"height":474,"caption":"Dragons curieux"},"image":{"@id":"https:\/\/dragonscurieux.com\/#\/schema\/logo\/image\/"}}]}},"_links":{"self":[{"href":"https:\/\/dragonscurieux.com\/index.php\/wp-json\/wp\/v2\/pages\/46","targetHints":{"allow":["GET"]}}],"collection":[{"href":"https:\/\/dragonscurieux.com\/index.php\/wp-json\/wp\/v2\/pages"}],"about":[{"href":"https:\/\/dragonscurieux.com\/index.php\/wp-json\/wp\/v2\/types\/page"}],"author":[{"embeddable":true,"href":"https:\/\/dragonscurieux.com\/index.php\/wp-json\/wp\/v2\/users\/1"}],"replies":[{"embeddable":true,"href":"https:\/\/dragonscurieux.com\/index.php\/wp-json\/wp\/v2\/comments?post=46"}],"version-history":[{"count":2,"href":"https:\/\/dragonscurieux.com\/index.php\/wp-json\/wp\/v2\/pages\/46\/revisions"}],"predecessor-version":[{"id":172,"href":"https:\/\/dragonscurieux.com\/index.php\/wp-json\/wp\/v2\/pages\/46\/revisions\/172"}],"wp:attachment":[{"href":"https:\/\/dragonscurieux.com\/index.php\/wp-json\/wp\/v2\/media?parent=46"}],"curies":[{"name":"wp","href":"https:\/\/api.w.org\/{rel}","templated":true}]}}